ple of 13?
True
Does 24 divide 96?
True
Is 27 a factor of 122075?
False
Is 33 a factor of 990?
True
Is 1545 a multiple of 15?
True
Does 14 divide 14?
True
Is 47 a factor of 17406?
False
Is 23 a factor of 74589?
True
Is 13 a factor of 410?
False
Does 35 divide 55366?
False
Does 8 divide 1488?
True
Is 28254 a multiple of 17?
True
Is 49 a factor of 37866?
False
Does 205 divide 3895?
True
Is 70 a factor of 1180?
False
Does 6 divide 2584?
False
Is 12 a factor of 271?
False
Is 605 a multiple of 76?
False
Does 11 divide 242?
True
Is 17 a factor of 34?
True
Is 27 a factor of 55674?
True
Is 57 a factor of 3454?
False
Is 4700 a multiple of 48?
False
Does 10 divide 41210?
True
Does 25 divide 17221?
False
Does 50 divide 1052?
False
Is 697 a multiple of 41?
True
Is 9 a factor of 166?
False
Is 11 a factor of 422?
False
Is 4 a factor of 2416?
True
Does 55 divide 220?
True
Does 7 divide 42700?
True
Is 14272 a multiple of 32?
True
Is 3234 a multiple of 4?
False
Does 16 divide 637?
False
Is 12 a factor of 26592?
True
Is 4 a factor of 23?
False
Is 1584 a multiple of 81?
False
Does 12 divide 5211?
False
Does 28 divide 75252?
False
Does 24 divide 408?
True
Is 36660 a multiple of 219?
False
Is 3492 a multiple of 9?
True
Does 8 divide 373?
False
Does 133 divide 2422?
False
Does 7 divide 24533?
False
Does 16 divide 4868?
False
Is 1314 a multiple of 15?
False
Does 15 divide 79005?
True
Is 9 a factor of 3242?
False
Is 10266 a multiple of 174?
True
Is 30 a factor of 16100?
False
Is 4 a factor of 618?
False
Is 7623 a multiple of 121?
True
Does 215 divide 29240?
True
Is 156 a multiple of 21?
False
Is 9558 a multiple of 177?
True
Does 16 divide 26064?
True
Is 478 a multiple of 121?
False
Is 11 a factor of 2519?
True
Is 387 a multiple of 7?
False
Is 462 a multiple of 29?
False
Is 111999 a multiple of 37?
True
Does 12 divide 1528?
False
Is 69 a factor of 28359?
True
Is 11205 a multiple of 41?
False
Is 12 a factor of 1127?
False
Is 34 a multiple of 3?
False
Does 5 divide 3115?
True
Does 13 divide 689?
True
Is 3 a factor of 477?
True
Does 3 divide 992?
False
Does 126 divide 20916?
True
Does 26 divide 1404?
True
Is 1173 a multiple of 19?
False
Is 2012 a multiple of 26?
False
Does 35 divide 140?
True
Is 9 a factor of 1321?
False
Is 10 a factor of 3960?
True
Is 3331 a multiple of 101?
False
Is 908 a multiple of 6?
False
Is 119 a factor of 1900?
False
Does 31 divide 434?
True
Is 2322 a multiple of 18?
True
Is 2133 a multiple of 25?
False
Is 17 a factor of 595?
True
Is 14 a factor of 5184?
False
Does 26 divide 728?
True
Is 68 a factor of 1564?
True
Is 3081 a multiple of 13?
True
Does 25 divide 1900?
True
Is 66 a factor of 11886?
False
Is 5784 a multiple of 135?
False
Is 240 a multiple of 24?
True
Does 3 divide 151?
False
Is 4 a factor of 110?
False
Does 24 divide 44654?
False
Is 38 a factor of 1748?
True
Does 25 divide 1384?
False
Is 45 a factor of 4365?
True
Does 3 divide 392?
False
Is 246 a multiple of 24?
False
Is 9851 a multiple of 26?
False
Does 92 divide 3312?
True
Does 35 divide 4206?
False
Does 210 divide 14490?
True
Is 40 a multiple of 31?
False
Is 19665 a multiple of 23?
True
Does 8 divide 184?
True
Is 89 a factor of 1903?
False
Is 450 a multiple of 45?
True
Is 9476 a multiple of 4?
True
Does 9 divide 3051?
True
Does 66 divide 2904?
True
Is 273 a multiple of 5?
False
Is 780 a multiple of 4?
True
Is 1210 a multiple of 22?
True
Does 14 divide 4591?
False
Does 26 divide 312?
True
Does 49 divide 1029?
True
Does 73 divide 52414?
True
Is 206 a factor of 5150?
True
Is 80 a factor of 1081?
False
Does 122 divide 26474?
True
Is 963 a multiple of 9?
True
Is 22 a factor of 802?
False
Does 43 divide 3198?
False
Is 4096 a multiple of 25?
False
Is 24499 even?
False
Does 8 divide 101?
False
Does 2 divide 101?
False
Is 19 a factor of 2333?
False
Does 10 divide 1200?
True
Is 1311 a multiple of 19?
True
Is 57 a factor of 1938?
True
Is 6 a factor of 139?
False
Does 3 divide 54?
True
Is 17329 a multiple of 13?
True
Does 86 divide 10131?
False
Is 19795 a multiple of 37?
True
Is 51 a factor of 8619?
True
Does 4 divide 446?
False
Does 5 divide 2661?
False
Is 14 a factor of 34148?
False
Is 148 a factor of 7400?
True
Does 100 divide 9922?
False
Is 21 a factor of 5416?
False
Does 31 divide 11536?
False
Is 4350 a multiple of 29?
True
Does 68 divide 1608?
False
Is 5499 a multiple of 141?
True
Is 7788 a multiple of 24?
False
Is 4727 a multiple of 163?
True
Is 3483 a multiple of 43?
True
Is 15 a factor of 8410?
False
Does 11 divide 10566?
False
Is 5 a factor of 2560?
True
Is 13 a factor of 15457?
True
Is 17 a factor of 9495?
False
Is 11921 even?
False
Does 2 divide 76?
True
Is 8416 a multiple of 16?
True
Is 326 a multiple of 62?
False
Does 6 divide 30?
True
Is 13560 a multiple of 8?
True
Is 1485 a multiple of 55?
True
Is 2563 a multiple of 11?
True
Is 2033 a multiple of 19?
True
Is 11576 a multiple of 123?
False
Is 231 a multiple of 6?
False
Is 24 a factor of 4938?
False
Is 11 a factor of 9330?
False
Is 18 a factor of 126?
True
Is 8 a factor of 545?
False
Is 188 a factor of 21594?
False
Is 6764 a multiple of 30?
False
Is 33 a factor of 45?
False
Is 16 a factor of 736?
True
Is 14 a factor of 5502?
True
Is 1131 a multiple of 39?
True
Does 171 divide 15578?
False
Is 30107 a multiple of 7?
True
Does 54 divide 3510?
True
Is 62 a factor of 2193?
False
Is 2928 a multiple of 122?
True
Does 12 divide 4182?
False
Does 11 divide 47482?
False
Is 4770 a multiple of 159?
True
Is 14 a factor of 1498?
True
Is 18 a factor of 165?
False
Is 11 a factor of 957?
True
Is 48 a factor of 2592?
True
Is 110 a factor of 11000?
True
Is 21431 a multiple of 13?
False
Is 28 a factor of 15729?
False
Does 71 divide 71?
True
Is 738 a multiple of 6?
True
Does 46 divide 27247?
False
Is 13 a factor of 42354?
True
Is 30 a factor of 2656?
False
Is 50 a factor of 872?
False
Does 12 divide 33?
False
Is 108 a multiple of 36?
True
Is 6 a factor of 151?
False
Does 33 divide 15246?
True
Is 27 even?
False
Is 68 a factor of 1904?
True
Is 70 a factor of 13160?
True
Is 75 a factor of 29850?
True
Does 102 divide 8403?
False
Is 7656 a multiple of 44?
True
Is 17 a factor of 6085?
False
Is 20 a factor of 4300?
True
Does 6 divide 5284?
False
Is 10474 a multiple of 9?
False
Does 30 divide 9840?
True
Is 10060 a multiple of 194?
False
Is 19 a factor of 41458?
True
Is 87 a factor of 17922?
True
Does 11 divide 105?
False
Is 868 a multiple of 28?
True
Does 6 divide 1708?
False
Is 3489 a multiple of 8?
False
Is 70656 a multiple of 16?
True
Is 74932 a multiple of 52?
True
Is 24 a factor of 21456?
True
Is 35 a factor of 5390?
True
Is 48398 a multiple of 14?
True
Is 28 a factor of 2960?
False
Does 12 divide 11412?
True
Is 16 a factor of 1520?
True
Is 44548 a multiple of 301?
True
Does 9 divide 576?
True
Is 24 a factor of 2666?
False
Does 40 divide 1880?
True
Is 6 a factor of 33160?
False
Does 77 divide 154?
True
Is 91 a factor of 136322?
False
Is 543 a multiple of 7?
False
Is 6188 a multiple of 13?
True
Does 15 divide 615?
True
Is 310 a multiple of 10?
True
Is 26 a factor of 7566?
True
Is 2645 a multiple of 115?
True
Is 123 a multiple of 3?
True
Is 102600 a multiple of 150?
True
Is 33 a factor of 1254?
True
Is 36 a factor of 11033?
False
Is 246 a multiple of 31?
False
Does 92 divide 16008?
True
Is 35 a factor of 6187?
False
Does 17 divide 356?
False
Does 18 divide 40002?
False
Is 127 a multiple of 9?
False
Does 11 divide 9739?
False
Does 14 divide 266?
True
Is 405 a multiple of 17?
False
Is 58 a factor of 11010?
False
Is 2525 a multiple of 24?
False
Is 2049 even?
False
Is 642 a multiple of 21?
False
Is 448 a multiple of 12?
False
Is 4901 a multiple of 13?
True
Is 16 a factor of 128?
True
Does 7 divide 966?
True
Is 413 a factor of 3707?
False
Is 2968 a multiple of 10?
False
Is 190 a factor of 46724?
False
Is 3071 a multiple of 12?
False
Is 9 a factor of 396?
True
Is 1495 a multiple of 19?
False
Does 50 divide 2300?
True
Is 27 a factor of 1741?
False
Is 11341 a multiple of 85?
False
Does 65 divide 46056?
False
Is 560 a multiple of 40?
True
Is 9 a factor of 536?
False
Does 14 divide 1162?
True
Does 125 divide 49750?
True
Does 83 divide 373?
False
Is 173096 a multiple of 16?
False
Is 121 a factor of 40265?
False
Is 938 a multiple of 84?
False
Does 264 divide 11493